n(a).
-72
Let d(p) = 1 - 341*p**2 + 5 + 328*p**2 + 5*p - 4*p + 6*p. Determine d(-1).
-14
Let z(d) = -6*d**2 + 2*d. Let f = 6463 + -6461. Give z(f).
-20
Let y(h) = -23*h**2 + 3*h**2 - 23*h**3 + 50 - 21*h**3 + 49*h**3 - 24*h - 4*h**3. Determine y(21).
-13
Let a(t) = t**3 - 3*t**2 - 2*t + 3. Suppose 6*k = -0*k + 30. Suppose 18 = x - 2*o, -k*x - 2*o = -0*x - 78. Let z = -13 + x. Give a(z).
-3
Let b = 122 + -86. Let p = -28 + b. Let n(k) = -k**3 + 8*k + 9*k - 6 + 18 - 7*k - p*k**2. Calculate n(-9).
3
Suppose -243*p = -262*p - 19. Let l(y) = 12*y - 5. Determine l(p).
-17
Let d(i) = 2*i**2 - 32*i - 56. Let a(f) = f**2 - 15*f - 27. Let g(u) = 9*a(u) - 4*d(u). Give g(9).
-1
Suppose -5*o + 2*q = -4*o + 1, 5*q = -5*o - 50. Let c(w) be the second derivative of w**4/12 + 7*w**3/6 + 13*w**2/2 - 19*w + 1. Determine c(o).
13
Let b(w) = -10 + 4715*w**2 - 9602*w**2 + 7*w + 4886*w**2. Let n = 2 + 2. What is b(n)?
2
Let w(j) = 47*j**2 - 85*j**2 - 7*j - 3 + 39*j**2. Suppose 4*o + 5*t + 15 = -o, -3*o + 23 = -5*t. Let k(f) = 8*f**3 - 2*f + 1. Let b be k(o). Calculate w(b).
-3
Suppose 2*a - 11 = a. Let c(h) be the second derivative of -h**3/6 + 8*h**2 + 222518*h. What is c(a)?
5
Let z(n) = n**3 - 5*n**2 + 5*n - 1. Let h(v) = -34*v**2 + 4*v - v**3 - 14 - 7 - 38*v - v**3 - 6. Let k be h(-16). Determine z(k).
24
Let h(x) be the first derivative of 11*x**2/2 - 2*x + 1584. Give h(-2).
-24
Let y(p) = 51*p**3 + 2*p**2 + p - 2. Let l be y(1). Let v = l - 52. Let m(h) = 21*h + v - 20*h - 2. Determine m(5).
3
Suppose -2*h - 580 = 3*s - 562, -9 = h - 5*s. Let x(v) = -3*v**2 - 13*v + 6. Give x(h).
-120
Let s(r) = 166*r + 1500. Let q be s(-9). Let m(h) = -5*h + 11. Determine m(q).
-19
Let x(p) = 9*p - 62. Let j be (-4)/(-54)*3 - -61*(-3)/(-27). Give x(j).
1
Let f(l) be the third derivative of l**5/60 + 3*l**4/4 + 31*l**3/6 + 4*l**2 - 81. What is f(-7)?
-46
Let a(x) = -346*x - 1. Let r(n) = 138*n + 1. Let i(c) = -2*a(c) - 5*r(c). Suppose 4*d = 8*d + 20. Determine i(d).
-13
Let z(f) = -9*f - 15 + 21 + 10*f. Suppose 5*u + 0*u = 2*s - 4, 0 = -3*u. Suppose -s*d = 4*w - 2, -4*w - 6 = -6*w. Give z(d).
1
Let n(x) = -x**2 + 10*x. Let v = 5197 + -5189. Calculate n(v).
16
Let i = 912 - 1042. Let h be 78/i + 43/5. Let o(f) = f**2 - 6*f - 5. Calculate o(h).
11
Let f(a) = -a + 2. Let s = -137 - -75. Let u = s - -41. Let y be (-2)/(-7) - (-99)/u*-1. Give f(y).
-3
Let h(q) = -q**2 - 12*q - 2. Let d be (124/8)/((2*-1)/(-4)). Suppose -d = a - 21. What is h(a)?
18
Let o(d) = d**2 + d + 285 + 5*d - 287. Suppose 0 = 3*c + v + 101, -2*c - 2*v - 62 = -0*v. Let s = -42 - c. Calculate o(s).
5
Let v(b) = -110*b + 3860. Let j be v(35). Let s(l) = l**3 - 10*l**2 + 3*l + 21. Calculate s(j).
51
Let p(f) = 2*f**2 + 2*f - 1. Let g(l) = l**2 + 2*l - 1. Let c(y) = -7*g(y) + 3*p(y). Let n be (-5)/(-2)*3*16/(-12). Calculate c(n).
-16
Let b(h) = -8*h**3 + 3*h**2 + 5*h + 2. Let t be b(-1). Suppose 0 = 4*n - 16, -3*g = 4*n + 7 - t. Let y(a) = a**3 + 4*a**2 - 3*a. What is y(g)?
-10
Let r(c) = -460*c**2 - 350*c**2 + 813 - c + 809*c**2. Calculate r(28).
1
Let u(t) = -2*t**2 + 21*t - 10. Let o be u(10). Let f(p) = 398*p - 193*p - 206*p + 9. Calculate f(o).
9
Suppose -p = -7*f + 6*f + 4, 3*p + f + 32 = 0. Let d(l) = 14*l + 122. What is d(p)?
-4
Let y = 92 + -89. Suppose 15 = 3*s, -y*s = -2*q - s - 10. Let h(n) = -4*n**2 + 1 - n - n**3 + 3 + 3*n**2. Give h(q).
4
Let h(s) = -3*s - 3. Let n be 2/19 - (-2238)/38. Suppose 5*a + 179 = -2*f + 5*f, -4*f + 258 = 3*a. Let x = f - n. Determine h(x).
-15
Let f(z) = -55*z**2 - 28*z - 6. Let n(q) = -86*q**2 - 42*q - 7. Let t(r) = -8*f(r) + 5*n(r). Give t(-1).
9
Let j be -2 - (-9 - -6) - -2. Let p(c) be the third derivative of c**5/60 - c**4/24 + c**3/2 - 35*c**2. Calculate p(j).
9
Suppose -f - 4*l = -8 - 0, -4*l - 8 = -3*f. Let h = 122 + -120. Let c(d) = 10*d - 5*d - h*d + f - 4*d. Give c(9).
-5
Let h(s) be the first derivative of s**4/4 - 5*s**3/3 + s**2 + 3*s - 21276. Let c be 1 + 1 + 3 + -1. Calculate h(c).
-5
Let g be (-9)/(336/(-32) - 18/(-2)). Let d(v) = v**2 - 4*v + 34. Calculate d(g).
46
Let j(w) = w + 0*w + 69 - 40 - 32. Calculate j(12).
9
Suppose -70*z - 279 - 71 = 0. Let r(h) be the second derivative of h**3/2 + 5*h**2/2 + h. Determine r(z).
-10
Suppose 87 = -3*t + 4*n - 14, -118 = 4*t + 3*n. Let a be (10/5)/((-1)/(-18)). Let q = a + t. Let m(x) = x**2 - 7*x - 4. What is m(q)?
-14
Let c(o) = o**2 - o - 1. Let k(t) = t + 2. Let u(b) = -b**2. Let z be u(-1). Let i be z/4*-2*-2. Let y(g) = i*c(g) - k(g). Give y(-3).
-10
Let g(h) = -39*h + 5. Let d(r) = -50*r + 7499. Let b be d(150). What is g(b)?
44
Let p(q) = 155*q + 3*q**2 - 19 - 28*q + 31 - 94*q. What is p(-10)?
-18
Let a(i) = 2*i**2 + 4*i - 1. Let c be (-3)/((0 + 1)*36/24). Let p be (-1*c/4 + 0)*-92. Let o = p + 43. Give a(o).
5
Let m(u) = u**2 + 17*u + 21. Let s be -11 + (1 + -6)/(4 - 3). Let d be m(s). Let b(p) = p**3 - 6*p**2 + 5*p - 1. Give b(d).
-1
Let a(b) be the first derivative of -b**2/2 + b - 37. Let g be (-50)/(-4)*(-482)/1205. Determine a(g).
6
Let b(j) = -2*j**2 + 61*j - 8. Let r be b(25). Let u = -263 + r. Let f(p) = -p**3 + 5*p**2 - 2*p - 2. Determine f(u).
6
Let c = -33 - -25. Let h(a) = 8*a**2 - 412*a + 413*a + 0 + 2*a**3 - a**3 + 4. What is h(c)?
-4
Let b(u) = u**3 + 4*u**2 - 4*u - 10. Let f(x) = -x - 1. Suppose y - 8 = -m, 3*m - 4*m - 2*y = -11. Let v(h) = m*f(h) - b(h). Determine v(-4).
9
Let a(u) be the first derivative of u**3/3 - 17*u**2/2 + 20*u - 2185. Calculate a(12).
-40
Let m(o) be the first derivative of o**2 + 2*o**3 + 6*o + 1/4*o**4 - 51. What is m(-5)?
21
Let m(x) be the third derivative of x**6/120 - 5*x**5/12 - x**4 - 7*x**3 + x**2 + 297*x - 2. What is m(26)?
10
Suppose -53 + 23 = 6*w. Let h(u) = -2*u - 12. Let g = -122 + 125. Let d(f) = -f - 6. Let o(n) = g*h(n) - 5*d(n). Give o(w).
-1
Let b(g) = -g**3 + 25*g**2 + 38*g - 291. Let y be b(26). Let m(l) = -l**3 + 21*l**2 + 2*l - 12. Calculate m(y).
30
Let y(p) = 3*p. Suppose x - 9 = 9. Let l(h) = 4*h**3 - h - 1. Let z be l(-1). Let f be -1 - ((-99)/x - (-2)/z). Give y(f).
15
Let k(c) be the third derivative of c**6/120 + c**5/20 + c**4/8 + 7*c**3/6 - 871*c**2 - c. What is k(-3)?
-2
Let s(c) = c**3 - 5*c**2 - 2*c + 7. Let z = -38 + -15. Let y = z - -58. Let w be s(y). Let d(u) = u**3 + 4*u**2 - 4. What is d(w)?
5
Let n(j) = 439*j**3 - 31*j**2 - 34*j - 63. Let p(v) = -155*v**3 + 10*v**2 + 11*v + 21. Let r(d) = -6*n(d) - 17*p(d). What is r(-15)?
-9
Let p(k) = -5*k - 1. Suppose -6*a + 2 + 16 = 0. Suppose a*i - 6 = -0. Let m be p(i). Let v(r) = -2*r - 16. Calculate v(m).
6
Let z(i) = -2 + 4*i**2 + i**2 - i**3 - 8*i**2 + 4*i. Let u be z(-4). Let q(o) = 2*o + 62. Let m(a) = -13*a - 371. Let j(w) = -m(w) - 6*q(w). What is j(u)?
-3
Let n(v) be the second derivative of -v**4/4 - 14*v**3/3 - 37*v**2/2 + 137*v. Let l(x) = 2*x**2 + 19*x + 25. Let o(g) = 7*l(g) + 5*n(g). What is o(-7)?
-10
Let h(w) = 8*w**2. Let c be 80/(-80)*(-3)/1. Let x be 3/c*(-1 - 0). Give h(x).
8
Let t(z) = z**2 - 11*z - 51. Let k be t(14). Let x(j) = 19*j + 171. Calculate x(k).
0
Let f(r) = 2*r**2 + 3. Let m(a) = -a**3 + 11*a**2 + 12*a - 3. Let k be ((-9)/(-5))/(24/160). Let y be m(k). Let w be (0 - -3)*(5 + -3 + y). What is f(w)?
21
Let q(c) = -c**2 - 14*c - 5. Suppose 25*r = 4*w + 21*r + 36, -4*r = -8. Give q(w).
44
Let y(g) = 27*g - 508. Let t(n) = 15*n - 249. Let x(a) = 5*t(a) - 3*y(a). Calculate x(47).
-3
Let s(f) = f + 3. Let l(m) = 3*m - 17. Let u be l(-20). Let h = -77 - u. Suppose h = t - 0*t - 4. Determine s(t).
7
Let g(c) = -12*c**2 - c + 1. Let p(s) = -23*s**2 + 6*s - 28. Let h(b) = 2*g(b) - p(b). Determine h(-13).
-35
Let n(z) be the third derivative of z**5/60 - z**4/4 + z**2 - 192*z. Determine n(6).
0
Let m(a) be the third derivative of -3*a**4/2 - a**3/6 + 3*a**2. Let g = -1327 - -1326. What is m(g)?
35
Suppose -144*f - 21*f - 2112 = 27*f. Let z(g) = g**2 + 21*g + 7. Calculate z(f).
-103
Let d(a) = 56*a + 446. Let p be d(-8). Let n(j) = -j**3 + j**2 - j + 1. Determine n(p).
15
Suppose -2*s - 2*s - 5*l - 1637 = 0, 1635 = -4*s - 3*l. Let d = s + 409. Let r(a) = -4*a + 2. Let h(n) = 9*n - 3. Let j(q) = 3*h(q) + 5*r(q). Calculate j(d).
8
Let i(f) = 3848*f - 2*f**2 - 1926*f - 1 + 8*f**3 - 1920*f. Give i(1).
7
Let v(b) = 3*b - 41. Let a(l) = -4*l + 40. Let n(c) = -5*a(